{"id":1920,"date":"2019-12-12T12:18:03","date_gmt":"2019-12-12T15:18:03","guid":{"rendered":"https:\/\/www.lbhlaw.com.br\/profissionais\/daniel-varga\/"},"modified":"2023-06-23T11:27:37","modified_gmt":"2023-06-23T14:27:37","slug":"daniel-varga","status":"publish","type":"profissionais","link":"https:\/\/www.lhlaw.com.br\/en\/profissionais\/daniel-varga\/","title":{"rendered":"Daniel Varga"},"content":{"rendered":"","protected":false},"featured_media":0,"template":"","cargo":[77],"localidade":[78],"primeira_letra":[18],"class_list":["post-1920","profissionais","type-profissionais","status-publish","hentry","cargo-partner","localidade-sao-paulo-en","primeira_letra-d"],"acf":[],"yoast_head":"<!-- This site is optimized with the Yoast SEO plugin v27.4 - https:\/\/yoast.com\/product\/yoast-seo-wordpress\/ -->\n<title>Daniel Varga | Loeser, Blanchet e Hadad Advogados<\/title>\n<meta name=\"description\" content=\"Daniel Varga, associado de Loeser, Blanchet e Hadad Advogados. Mais de 8 anos de experi\u00eancia em direito empresarial, com destaque para opera\u00e7\u00f5es de fus\u00f5es..\" \/>\n<meta name=\"robots\" content=\"index, follow, max-snippet:-1, max-image-preview:large, max-video-preview:-1\" \/>\n<link rel=\"canonical\" href=\"https:\/\/www.lhlaw.com.br\/en\/profissionais\/daniel-varga\/\" \/>\n<meta property=\"og:locale\" content=\"en_US\" \/>\n<meta property=\"og:type\" content=\"article\" \/>\n<meta property=\"og:title\" content=\"Daniel Varga | Loeser, Blanchet e Hadad Advogados\" \/>\n<meta property=\"og:description\" content=\"Daniel Varga, associado de Loeser, Blanchet e Hadad Advogados. Mais de 8 anos de experi\u00eancia em direito empresarial, com destaque para opera\u00e7\u00f5es de fus\u00f5es..\" \/>\n<meta property=\"og:url\" content=\"https:\/\/www.lhlaw.com.br\/en\/profissionais\/daniel-varga\/\" \/>\n<meta property=\"og:site_name\" content=\"Loeser e Hadad Advogados\" \/>\n<meta property=\"article:publisher\" content=\"https:\/\/www.facebook.com\/LoeserBlanchetHadad\/?ref=bookmarks\" \/>\n<meta property=\"article:modified_time\" content=\"2023-06-23T14:27:37+00:00\" \/>\n<meta name=\"twitter:card\" content=\"summary_large_image\" \/>\n<meta name=\"twitter:site\" content=\"@LbhLaw\" \/>\n<script type=\"application\/ld+json\" class=\"yoast-schema-graph\">{\"@context\":\"https:\\\/\\\/schema.org\",\"@graph\":[{\"@type\":\"WebPage\",\"@id\":\"https:\\\/\\\/www.lhlaw.com.br\\\/en\\\/profissionais\\\/daniel-varga\\\/\",\"url\":\"https:\\\/\\\/www.lhlaw.com.br\\\/en\\\/profissionais\\\/daniel-varga\\\/\",\"name\":\"Daniel Varga | Loeser, Blanchet e Hadad Advogados\",\"isPartOf\":{\"@id\":\"https:\\\/\\\/www.lhlaw.com.br\\\/en\\\/#website\"},\"datePublished\":\"2019-12-12T15:18:03+00:00\",\"dateModified\":\"2023-06-23T14:27:37+00:00\",\"description\":\"Daniel Varga, associado de Loeser, Blanchet e Hadad Advogados. Mais de 8 anos de experi\u00eancia em direito empresarial, com destaque para opera\u00e7\u00f5es de fus\u00f5es..\",\"breadcrumb\":{\"@id\":\"https:\\\/\\\/www.lhlaw.com.br\\\/en\\\/profissionais\\\/daniel-varga\\\/#breadcrumb\"},\"inLanguage\":\"en-US\",\"potentialAction\":[{\"@type\":\"ReadAction\",\"target\":[\"https:\\\/\\\/www.lhlaw.com.br\\\/en\\\/profissionais\\\/daniel-varga\\\/\"]}]},{\"@type\":\"BreadcrumbList\",\"@id\":\"https:\\\/\\\/www.lhlaw.com.br\\\/en\\\/profissionais\\\/daniel-varga\\\/#breadcrumb\",\"itemListElement\":[{\"@type\":\"ListItem\",\"position\":1,\"name\":\"In\u00edcio\",\"item\":\"https:\\\/\\\/www.lhlaw.com.br\\\/en\\\/\"},{\"@type\":\"ListItem\",\"position\":2,\"name\":\"Profissionais\",\"item\":\"https:\\\/\\\/www.lhlaw.com.br\\\/en\\\/profissionais\\\/\"},{\"@type\":\"ListItem\",\"position\":3,\"name\":\"Daniel Varga\"}]},{\"@type\":\"WebSite\",\"@id\":\"https:\\\/\\\/www.lhlaw.com.br\\\/en\\\/#website\",\"url\":\"https:\\\/\\\/www.lhlaw.com.br\\\/en\\\/\",\"name\":\"Loeser e Hadad Advogados\",\"description\":\"Direito empresarial | S\u00e3o Paulo, Rio, Bras\u00edlia e Campinas\",\"publisher\":{\"@id\":\"https:\\\/\\\/www.lhlaw.com.br\\\/en\\\/#organization\"},\"potentialAction\":[{\"@type\":\"SearchAction\",\"target\":{\"@type\":\"EntryPoint\",\"urlTemplate\":\"https:\\\/\\\/www.lhlaw.com.br\\\/en\\\/?s={search_term_string}\"},\"query-input\":{\"@type\":\"PropertyValueSpecification\",\"valueRequired\":true,\"valueName\":\"search_term_string\"}}],\"inLanguage\":\"en-US\"},{\"@type\":\"Organization\",\"@id\":\"https:\\\/\\\/www.lhlaw.com.br\\\/en\\\/#organization\",\"name\":\"Loeser e Hadad Advogados\",\"url\":\"https:\\\/\\\/www.lhlaw.com.br\\\/en\\\/\",\"logo\":{\"@type\":\"ImageObject\",\"inLanguage\":\"en-US\",\"@id\":\"https:\\\/\\\/www.lhlaw.com.br\\\/en\\\/#\\\/schema\\\/logo\\\/image\\\/\",\"url\":\"https:\\\/\\\/www.lhlaw.com.br\\\/site\\\/wp-content\\\/uploads\\\/2023\\\/03\\\/logo_loeser_e_hadad_advogados.png\",\"contentUrl\":\"https:\\\/\\\/www.lhlaw.com.br\\\/site\\\/wp-content\\\/uploads\\\/2023\\\/03\\\/logo_loeser_e_hadad_advogados.png\",\"width\":200,\"height\":95,\"caption\":\"Loeser e Hadad Advogados\"},\"image\":{\"@id\":\"https:\\\/\\\/www.lhlaw.com.br\\\/en\\\/#\\\/schema\\\/logo\\\/image\\\/\"},\"sameAs\":[\"https:\\\/\\\/www.facebook.com\\\/LoeserBlanchetHadad\\\/?ref=bookmarks\",\"https:\\\/\\\/x.com\\\/LbhLaw\",\"https:\\\/\\\/www.instagram.com\\\/loeser_blanchet_hadad\\\/\",\"https:\\\/\\\/www.linkedin.com\\\/company\\\/loeser-blanchet-hadad-advogados\\\/\",\"https:\\\/\\\/www.youtube.com\\\/channel\\\/UCRh4AJ_fY9fTunW76tgPAUA?view_as=subscriber\"]}]}<\/script>\n<!-- \/ Yoast SEO plugin. -->","yoast_head_json":{"title":"Daniel Varga | Loeser, Blanchet e Hadad Advogados","description":"Daniel Varga, associado de Loeser, Blanchet e Hadad Advogados. Mais de 8 anos de experi\u00eancia em direito empresarial, com destaque para opera\u00e7\u00f5es de fus\u00f5es..","robots":{"index":"index","follow":"follow","max-snippet":"max-snippet:-1","max-image-preview":"max-image-preview:large","max-video-preview":"max-video-preview:-1"},"canonical":"https:\/\/www.lhlaw.com.br\/en\/profissionais\/daniel-varga\/","og_locale":"en_US","og_type":"article","og_title":"Daniel Varga | Loeser, Blanchet e Hadad Advogados","og_description":"Daniel Varga, associado de Loeser, Blanchet e Hadad Advogados. Mais de 8 anos de experi\u00eancia em direito empresarial, com destaque para opera\u00e7\u00f5es de fus\u00f5es..","og_url":"https:\/\/www.lhlaw.com.br\/en\/profissionais\/daniel-varga\/","og_site_name":"Loeser e Hadad Advogados","article_publisher":"https:\/\/www.facebook.com\/LoeserBlanchetHadad\/?ref=bookmarks","article_modified_time":"2023-06-23T14:27:37+00:00","twitter_card":"summary_large_image","twitter_site":"@LbhLaw","schema":{"@context":"https:\/\/schema.org","@graph":[{"@type":"WebPage","@id":"https:\/\/www.lhlaw.com.br\/en\/profissionais\/daniel-varga\/","url":"https:\/\/www.lhlaw.com.br\/en\/profissionais\/daniel-varga\/","name":"Daniel Varga | Loeser, Blanchet e Hadad Advogados","isPartOf":{"@id":"https:\/\/www.lhlaw.com.br\/en\/#website"},"datePublished":"2019-12-12T15:18:03+00:00","dateModified":"2023-06-23T14:27:37+00:00","description":"Daniel Varga, associado de Loeser, Blanchet e Hadad Advogados. Mais de 8 anos de experi\u00eancia em direito empresarial, com destaque para opera\u00e7\u00f5es de fus\u00f5es..","breadcrumb":{"@id":"https:\/\/www.lhlaw.com.br\/en\/profissionais\/daniel-varga\/#breadcrumb"},"inLanguage":"en-US","potentialAction":[{"@type":"ReadAction","target":["https:\/\/www.lhlaw.com.br\/en\/profissionais\/daniel-varga\/"]}]},{"@type":"BreadcrumbList","@id":"https:\/\/www.lhlaw.com.br\/en\/profissionais\/daniel-varga\/#breadcrumb","itemListElement":[{"@type":"ListItem","position":1,"name":"In\u00edcio","item":"https:\/\/www.lhlaw.com.br\/en\/"},{"@type":"ListItem","position":2,"name":"Profissionais","item":"https:\/\/www.lhlaw.com.br\/en\/profissionais\/"},{"@type":"ListItem","position":3,"name":"Daniel Varga"}]},{"@type":"WebSite","@id":"https:\/\/www.lhlaw.com.br\/en\/#website","url":"https:\/\/www.lhlaw.com.br\/en\/","name":"Loeser e Hadad Advogados","description":"Direito empresarial | S\u00e3o Paulo, Rio, Bras\u00edlia e Campinas","publisher":{"@id":"https:\/\/www.lhlaw.com.br\/en\/#organization"},"potentialAction":[{"@type":"SearchAction","target":{"@type":"EntryPoint","urlTemplate":"https:\/\/www.lhlaw.com.br\/en\/?s={search_term_string}"},"query-input":{"@type":"PropertyValueSpecification","valueRequired":true,"valueName":"search_term_string"}}],"inLanguage":"en-US"},{"@type":"Organization","@id":"https:\/\/www.lhlaw.com.br\/en\/#organization","name":"Loeser e Hadad Advogados","url":"https:\/\/www.lhlaw.com.br\/en\/","logo":{"@type":"ImageObject","inLanguage":"en-US","@id":"https:\/\/www.lhlaw.com.br\/en\/#\/schema\/logo\/image\/","url":"https:\/\/www.lhlaw.com.br\/site\/wp-content\/uploads\/2023\/03\/logo_loeser_e_hadad_advogados.png","contentUrl":"https:\/\/www.lhlaw.com.br\/site\/wp-content\/uploads\/2023\/03\/logo_loeser_e_hadad_advogados.png","width":200,"height":95,"caption":"Loeser e Hadad Advogados"},"image":{"@id":"https:\/\/www.lhlaw.com.br\/en\/#\/schema\/logo\/image\/"},"sameAs":["https:\/\/www.facebook.com\/LoeserBlanchetHadad\/?ref=bookmarks","https:\/\/x.com\/LbhLaw","https:\/\/www.instagram.com\/loeser_blanchet_hadad\/","https:\/\/www.linkedin.com\/company\/loeser-blanchet-hadad-advogados\/","https:\/\/www.youtube.com\/channel\/UCRh4AJ_fY9fTunW76tgPAUA?view_as=subscriber"]}]}},"_links":{"self":[{"href":"https:\/\/www.lhlaw.com.br\/en\/wp-json\/wp\/v2\/profissionais\/1920","targetHints":{"allow":["GET"]}}],"collection":[{"href":"https:\/\/www.lhlaw.com.br\/en\/wp-json\/wp\/v2\/profissionais"}],"about":[{"href":"https:\/\/www.lhlaw.com.br\/en\/wp-json\/wp\/v2\/types\/profissionais"}],"wp:attachment":[{"href":"https:\/\/www.lhlaw.com.br\/en\/wp-json\/wp\/v2\/media?parent=1920"}],"wp:term":[{"taxonomy":"cargo","embeddable":true,"href":"https:\/\/www.lhlaw.com.br\/en\/wp-json\/wp\/v2\/cargo?post=1920"},{"taxonomy":"localidade","embeddable":true,"href":"https:\/\/www.lhlaw.com.br\/en\/wp-json\/wp\/v2\/localidade?post=1920"},{"taxonomy":"primeira_letra","embeddable":true,"href":"https:\/\/www.lhlaw.com.br\/en\/wp-json\/wp\/v2\/primeira_letra?post=1920"}],"curies":[{"name":"wp","href":"https:\/\/api.w.org\/{rel}","templated":true}]}}

<!-- This site is optimized with the Yoast SEO plugin v27.4 - https://yoast.com/product/yoast-seo-wordpress/ -->
<title>Daniel Varga | Loeser, Blanchet e Hadad Advogados</title>
<meta name="description" content="Daniel Varga, associado de Loeser, Blanchet e Hadad Advogados. Mais de 8 anos de experiência em direito empresarial, com destaque para operações de fusões.." />
<meta name="robots" content="index, follow, max-snippet:-1, max-image-preview:large, max-video-preview:-1" />
<link rel="canonical" href="https://www.lhlaw.com.br/en/profissionais/daniel-varga/" />
<meta property="og:locale" content="en_US" />
<meta property="og:type" content="article" />
<meta property="og:title" content="Daniel Varga | Loeser, Blanchet e Hadad Advogados" />
<meta property="og:description" content="Daniel Varga, associado de Loeser, Blanchet e Hadad Advogados. Mais de 8 anos de experiência em direito empresarial, com destaque para operações de fusões.." />
<meta property="og:url" content="https://www.lhlaw.com.br/en/profissionais/daniel-varga/" />
<meta property="og:site_name" content="Loeser e Hadad Advogados" />
<meta property="article:publisher" content="https://www.facebook.com/LoeserBlanchetHadad/?ref=bookmarks" />
<meta property="article:modified_time" content="2023-06-23T14:27:37+00:00" />
<meta name="twitter:card" content="summary_large_image" />
<meta name="twitter:site" content="@LbhLaw" />
<script type="application/ld+json" class="yoast-schema-graph">{"@context":"https:\/\/schema.org","@graph":[{"@type":"WebPage","@id":"https:\/\/www.lhlaw.com.br\/en\/profissionais\/daniel-varga\/","url":"https:\/\/www.lhlaw.com.br\/en\/profissionais\/daniel-varga\/","name":"Daniel Varga | Loeser, Blanchet e Hadad Advogados","isPartOf":{"@id":"https:\/\/www.lhlaw.com.br\/en\/#website"},"datePublished":"2019-12-12T15:18:03+00:00","dateModified":"2023-06-23T14:27:37+00:00","description":"Daniel Varga, associado de Loeser, Blanchet e Hadad Advogados. Mais de 8 anos de experiência em direito empresarial, com destaque para operações de fusões..","breadcrumb":{"@id":"https:\/\/www.lhlaw.com.br\/en\/profissionais\/daniel-varga\/#breadcrumb"},"inLanguage":"en-US","potentialAction":[{"@type":"ReadAction","target":["https:\/\/www.lhlaw.com.br\/en\/profissionais\/daniel-varga\/"]}]},{"@type":"BreadcrumbList","@id":"https:\/\/www.lhlaw.com.br\/en\/profissionais\/daniel-varga\/#breadcrumb","itemListElement":[{"@type":"ListItem","position":1,"name":"Início","item":"https:\/\/www.lhlaw.com.br\/en\/"},{"@type":"ListItem","position":2,"name":"Profissionais","item":"https:\/\/www.lhlaw.com.br\/en\/profissionais\/"},{"@type":"ListItem","position":3,"name":"Daniel Varga"}]},{"@type":"WebSite","@id":"https:\/\/www.lhlaw.com.br\/en\/#website","url":"https:\/\/www.lhlaw.com.br\/en\/","name":"Loeser e Hadad Advogados","description":"Direito empresarial | São Paulo, Rio, Brasília e Campinas","publisher":{"@id":"https:\/\/www.lhlaw.com.br\/en\/#organization"},"potentialAction":[{"@type":"SearchAction","target":{"@type":"EntryPoint","urlTemplate":"https:\/\/www.lhlaw.com.br\/en\/?s={search_term_string}"},"query-input":{"@type":"PropertyValueSpecification","valueRequired":true,"valueName":"search_term_string"}}],"inLanguage":"en-US"},{"@type":"Organization","@id":"https:\/\/www.lhlaw.com.br\/en\/#organization","name":"Loeser e Hadad Advogados","url":"https:\/\/www.lhlaw.com.br\/en\/","logo":{"@type":"ImageObject","inLanguage":"en-US","@id":"https:\/\/www.lhlaw.com.br\/en\/#\/schema\/logo\/image\/","url":"https:\/\/www.lhlaw.com.br\/site\/wp-content\/uploads\/2023\/03\/logo_loeser_e_hadad_advogados.png","contentUrl":"https:\/\/www.lhlaw.com.br\/site\/wp-content\/uploads\/2023\/03\/logo_loeser_e_hadad_advogados.png","width":200,"height":95,"caption":"Loeser e Hadad Advogados"},"image":{"@id":"https:\/\/www.lhlaw.com.br\/en\/#\/schema\/logo\/image\/"},"sameAs":["https:\/\/www.facebook.com\/LoeserBlanchetHadad\/?ref=bookmarks","https:\/\/x.com\/LbhLaw","https:\/\/www.instagram.com\/loeser_blanchet_hadad\/","https:\/\/www.linkedin.com\/company\/loeser-blanchet-hadad-advogados\/","https:\/\/www.youtube.com\/channel\/UCRh4AJ_fY9fTunW76tgPAUA?view_as=subscriber"]}]}</script>
<!-- / Yoast SEO plugin. -->

Daniel Varga, associado de Loeser, Blanchet e Hadad Advogados. Mais de 8 anos de experiência em direito empresarial, com destaque para operações de fusões..

Início

Direito empresarial | São Paulo, Rio, Brasília e Campinas
